+ r. Is b a prime number?
False
Suppose 33*c - 505099 = 43427. Is c a prime number?
False
Let d = -7 + 12. Suppose f + f + 3*k - 453 = 0, 0 = 4*f - d*k - 851. Is f prime?
False
Let q = -5 - -2. Let p(c) = -c**3 - 3*c**2 + 4. Let y be p(q). Suppose -y*j = 3*o - 327 - 137, j - 129 = -4*o. Is j a prime number?
True
Suppose 52*q + 18 = 58*q. Suppose -4*x + 5*h = -1205, -x - h + 299 = -q*h. Is x prime?
False
Let z(w) = w**3 + 13*w**2 + 7*w + 2. Suppose 0 = b - 0*b + 9. Let i be z(b). Suppose 5*v - 482 - i = 0. Is v prime?
True
Let d(a) = -22 - 4 + 13 + 70*a. Let l be ((-64)/(-20))/(2/5). Is d(l) a composite number?
False
Let g be (1 + -6)*(-5 - -4). Is 8/(-36) - ((-70850)/18)/g prime?
True
Let l(y) = -102*y - 19. Is l(-5) composite?
False
Let x be 28/4 + 2 + -4. Is (x - 0)*(-21)/(-15) composite?
False
Suppose -4*a = -4*x + 1977 + 271, -2810 = 5*a - x. Let m = 1959 + a. Is m a composite number?
True
Suppose 0 = -3*m - 6, 17386 = -3*r + 5*r - 2*m. Let u = r - -1665. Is (-2)/3 - u/(-36) prime?
False
Let k = 4761 - 2824. Suppose -3*v = 3*a - 1932, 3*a - k = -0*v - 2*v. Is a a composite number?
True
Let i = -3 - -5. Suppose i*f - 2 = 4. Suppose -2*w - 3*w - f*q = -262, -5 = 5*q. Is w prime?
True
Let b(x) = 2*x + 34 - 15*x - 10*x. Is b(-19) prime?
False
Let j(w) = 29*w**2 - 2*w + 3. Is j(2) prime?
False
Suppose 33364 = 5*j - 2*k - 12089, 2*j = 2*k + 18180. Is j a prime number?
True
Let n = 2922 + 1549. Is n composite?
True
Is 94/(-4)*(3 - (-6 - -91)) composite?
True
Suppose -p - 2*a = -4*a - 8, 0 = 2*p - 3*a - 13. Let v(x) = -14*x - 4 - x**3 + 6*x**p + 21*x - 3 + 2*x**2. Is v(7) prime?
False
Suppose -2*h + 2*r = 724, 6*h + 5*r = h - 1780. Suppose -2*a - 3*x - 1002 = 3*a, a + 204 = 3*x. Let k = a - h. Is k a prime number?
False
Let u(n) = 9*n**2 - 45*n - 7. Is u(-13) composite?
False
Suppose 6814 = -3*l + c, -2*c + 7*c - 2248 = l. Let u = -289 + 1507. Let p = u - l. Is p a composite number?
False
Let s = 21 + -16. Suppose -j = -s*f + 2917, 6*f - f - 3*j = 2921. Is f a prime number?
False
Let b be (4 + -5)*(1 + -4). Let z(r) = -11*r**3 + 2*r. Let x be z(b). Is (3 - 0) + -3 - x composite?
True
Let l be (-18)/(-30) + 3/(-5). Suppose -5*d = -l*d - 15. Suppose -622 = d*w - 5*w. Is w a prime number?
True
Let p = 4656 - 757. Is p a prime number?
False
Suppose -3809 = -m + 2*z, 0 = -6*z + 19 + 5. Is m prime?
False
Let z(l) = -l**3 - 8*l**2 + 14*l - 1. Suppose 6*m + 65 = -7. Is z(m) a prime number?
False
Let n(m) = 2*m**2 - 9*m + 10. Let z be n(5). Is -3*(0 - 265/z) a prime number?
True
Let d(o) = -83*o - 15. Is d(-16) a prime number?
False
Suppose -2*z = 5*m - 4*z - 7437, -z = -5*m + 7441. Suppose 3*c + m = 5*d - 3381, 5*c = 2*d - 1929. Is d prime?
True
Suppose 4*a - 2*a = -4*h - 1902, 2*a = 5*h + 2391. Let w = 916 + h. Is w a composite number?
False
Let d be ((3/(-6)*0)/2)/(-2). Suppose -13*g + 0*g + 19253 = d. Is g a composite number?
False
Let a(h) = 76*h**3 - 2*h**2 + 11. Is a(5) composite?
False
Suppose 5*f + 1351 + 2212 = 3*p, 0 = -p - 4*f + 1199. Is p composite?
True
Suppose 4*h = 2*m + 884, 0 = 3*m + 3*h - 0*h + 1371. Let v = 1417 + m. Is v prime?
False
Suppose -5*v + 54485 = o + 4*o, 4*o + 5*v - 43591 = 0. Is o/8 - (-3)/(-12)*3 prime?
True
Let a(d) = d**2 + 8*d - 5. Let z = -19 - -16. Let g(h) = -2*h**2 - 16*h + 10. Let b(r) = z*g(r) - 5*a(r). Is b(6) composite?
False
Let x(q) = -q**3 - 5*q**2 + 6*q + 2. Let f be x(-6). Suppose 564 = f*j - 2*z, -j + z + 267 = -3*z. Is j composite?
True
Let c = -76 + 313. Suppose -m = -c - 1160. Is m a prime number?
False
Suppose -5*h = -5*l - 3878 + 19228, 0 = 2*l - h - 6141. Is l composite?
True
Suppose 3*a = 2*a + 16. Suppose 2779 = 3*g - 4*k, -8*k - a = -4*k. Is g a composite number?
True
Let m(p) = -p + 13. Let y be m(17). Is 439*1*(-5)/(-1 + y) prime?
True
Is (-1)/((11/131549)/(1/(-1))) prime?
True
Let d be ((-18)/(-15))/(1/15). Suppose f + 2*f = d. Suppose 0 = -3*q - f, 2*r - 2*q - 819 = -3*r. Is r a composite number?
False
Suppose -60*y + 16*y = -417164. Is y a composite number?
True
Suppose 5559 = x - 7510. Is x prime?
False
Suppose -1762 - 650 = -12*r. Is r prime?
False
Is (-1*831/(-15))/((-3)/(-105)) prime?
False
Suppose 5*a = 5*x - 4*x - 11, -x + a = -15. Suppose -7*g = -x*g + 2763. Is g composite?
False
Is (-20266)/6*(2 - -7)/(-3) a composite number?
False
Let v(q) = -36*q**3 - 8*q**2 - 2*q + 1. Is v(-3) a composite number?
False
Let t(g) = -5*g**2 + 3 + 16*g**2 + 6*g**2 + 7*g - 4*g. Is t(-5) prime?
False
Let c(f) = 2*f - 8. Let n be c(6). Suppose -n*x - 3*x + 12551 = 0. Suppose x = 4*k - 3*d, -d = 3*k + 3*d - 1351. Is k a prime number?
True
Suppose 0 = 3*l - 2*h + 1192 + 229, -4*l - 3*h = 1923. Let w = 724 + l. Is w a composite number?
True
Suppose 0 = -15*r + 7*r + 48. Is (-142)/(-3) + 4/r + -2 a composite number?
True
Let x(h) = -h**3 + 20*h**2 + 2*h - 24. Let y be x(20). Is (176/y)/((-2)/(-10)) prime?
False
Suppose 6314 = 2*m + 4*o, -3*m + o + 3*o = -9471. Suppose -4*h = c - m, -3*h + 788 = -2*h - c. Is h a composite number?
True
Let x be 48/(-120) - (-12)/5. Suppose -x*c + 971 = y + c, c + 1942 = 2*y. Is y a prime number?
True
Let r be (-4)/(-16) + (-1202)/8. Let g(d) = 5*d**3 + d**2 - 6*d + 4. Let m be g(-3). Let p = m - r. Is p composite?
True
Suppose -10*x + 13218 = -4*x. Is x composite?
False
Let a = -100 - -105. Is 4/(-10) - (-3957)/a a composite number?
True
Let h = -903 + 1444. Is h composite?
False
Let s be (-2 + 1 + -365)*1. Let n = s - -160. Let b = n + 463. Is b a composite number?
False
Let b = 68 - 62. Let t(c) = 284*c - 31. Is t(b) a composite number?
True
Suppose 5*d = 5*z + 40, 3*d - 4*z = 11 + 18. Suppose d*h - 2*h = 2. Suppose 0 = v - 5*i - 28, -v + h*v + 3*i = 68. Is v composite?
False
Let g(l) = 216*l + 3. Let a(h) = 1. Let j(i) = -3*a(i) - g(i). Let d be j(-13). Suppose 0 = 5*u - d - 563. Is u a composite number?
False
Let q(y) = -y**3 - 4. Let b be q(0). Let o be (-4 + 2)/(b/8). Suppose -4528 = -o*l - 4*s, -3*s - 458 - 5242 = -5*l. Is l prime?
False
Let k(b) = -b**3 + 15*b**2 + 20*b - 25. Is k(-24) a prime number?
False
Let k = -150 - -345. Suppose 0 = -2*s + 2, -5*s + k = -4*h + 518. Let b = h + 1. Is b prime?
True
Suppose g - 3*v + 6*v = 21689, -5*g + 4*v = -108521. Is g prime?
True
Let z = -159096 + 223205. Is z a composite number?
False
Suppose -6232 = -o + 3*m, -2*m = -2*o - 3*o + 31186. Suppose 2*s + 2*s = -2*z + 3110, -s - o = -4*z. Is z prime?
True
Let b = -21 + 25. Let p be ((-24)/((-16)/b))/1. Is -3 + 37 - 18/p a composite number?
False
Let g be 2/(-11) + (-3120)/143. Is (-8)/(-44) + (-4462)/g composite?
True
Let z be 18/45*5*1. Suppose -5*q + 701 - 144 = -4*w, -z*q + 3*w = -220. Is q a prime number?
True
Is 3 - (-45286 - (2 - (2 + 0))) prime?
True
Suppose -4*u = s - 74995, -5*u = 3*s - 124713 - 100300. Is s a composite number?
False
Let r(l) = -l**2 - 4*l + 3. Let q be r(-4). Suppose -4*p + 388 = 2*i, -q*p + 381 = 2*i + 90. Is p prime?
True
Let q(c) = c + 2. Suppose -10*d + 3 = -7*d. Suppose x = -4*j + 12, -2*j = -x - d + 7. Is q(x) composite?
True
Suppose -20 = -5*u + 2*a - 0*a, -4*u - 3*a = 7. Suppose 0*m = -u*m + 10. Suppose m*g - 10*g = -665. Is g a prime number?
False
Let s(h) be the second derivative of -3*h**5/20 + 5*h**4/12 + 7*h**3/6 + 14*h**2 + 34*h. Is s(-7) a composite number?
True
Let k = 24 + -20. Suppose 0 = 4*s + 8, -2*q - k*s + 204 + 64 = 0. Suppose -x - 2*g = -3*g - q, 3*g = -5*x + 714. Is x prime?
False
Let i(g) = -121*g + 9. Suppose 0 = 4*m + m + 10. Is i(m) a prime number?
True
Suppose -2247 - 48473 = -5*j. Suppose -3*f - 2*s + j = 0, -f - 2*f + 10119 = -3*s. Suppose 5*x - f = -x. Is x a composite number?
False
Suppose -11*u = 833 - 31270. Suppose 0 = -4*v - 5*w + 5531, -2*v + 4*w + u = 7*w. Is v composite?
True
Let f be 2/(-2) + 1 + 0/(-3). Suppose 2*p - 698 = -2*r + 138, -3*r - 4*p + 1257 = f. Is r a composite number?
True
Let s(f) = -332*f - 41. Is s(-27) composite?
False
Let i be 3/(-5) + (-396)/(-60). Suppose -c + i*c + 405 = 0. Is (-14643)/c - 4/(-18) prime?
True
Let n be 3/((-4)/10784*6). Let k = -2318 - n. Is -2*(-1 - k/(-4)) prime?
True
Let p = -161 + 275. Suppose -o + 575 = -p. Is o composite?
True
Let s = 59 + -58. Is (2051/21)/((1 + s)/6) prime?
True
Let h(v) = 2*v**2 + 20*v - 2. Let w be h(-10). Is (w/(-2 - 0))/((-35)/(-41755)) a com